ite number?
True
Is 656875129 a prime number?
False
Is 2119466737 composite?
True
Is 794065021 a composite number?
False
Is 1136632039 prime?
False
Is 134000073877 prime?
True
Is 40308047537 prime?
False
Is 12696391601 composite?
False
Is 1683310697 a composite number?
False
Is 131238223277 composite?
True
Is 13644831043 a prime number?
False
Is 8674019609 a composite number?
True
Is 71091791 composite?
False
Is 19568611193 composite?
False
Is 116164128863 composite?
False
Is 29606359529 composite?
True
Is 26338978669 a prime number?
False
Is 115581946553 composite?
False
Is 10563739829 a prime number?
False
Is 11631594841 a composite number?
True
Is 260888833 a composite number?
False
Is 1694135789 prime?
True
Is 16752145571 prime?
False
Is 2763735233 prime?
False
Is 45340335743 composite?
True
Is 99361451 composite?
True
Is 67973219 prime?
False
Is 15483532933 composite?
True
Is 10689955751 composite?
True
Is 112296891599 composite?
False
Is 9153541781 prime?
True
Is 97742929639 a composite number?
True
Is 576196139 prime?
False
Is 406492777 prime?
False
Is 15737376143 a composite number?
True
Is 1431101777 a prime number?
False
Is 167434274221 prime?
True
Is 534106381 prime?
False
Is 1497680651 composite?
False
Is 12959219527 prime?
False
Is 346706423 a composite number?
True
Is 1989371171 prime?
False
Is 24524296409 composite?
True
Is 15053924533 a composite number?
False
Is 23547833 prime?
False
Is 30737384413 prime?
False
Is 232320223 composite?
False
Is 15814618097 composite?
False
Is 200588233 a composite number?
False
Is 4245929 a composite number?
False
Is 54597395 prime?
False
Is 11155287487 a prime number?
True
Is 398174711837 a composite number?
True
Is 48053275547 prime?
True
Is 10981724353 a composite number?
True
Is 26886537343 a prime number?
False
Is 14971900105 composite?
True
Is 32921153 prime?
False
Is 1671606247 prime?
True
Is 2050224959 composite?
True
Is 2430595421 a prime number?
True
Is 1770402923 a prime number?
False
Is 2936268701 composite?
False
Is 14870366338 a composite number?
True
Is 6285319349 a composite number?
False
Is 146996051 prime?
True
Is 373145837 a prime number?
True
Is 549066223 prime?
False
Is 1546481441 prime?
True
Is 2929637405 prime?
False
Is 946760623 prime?
True
Is 1363963033 composite?
False
Is 1481842079 composite?
True
Is 76851209 prime?
False
Is 34556791597 a prime number?
False
Is 624359777 a prime number?
False
Is 3206389801 a prime number?
True
Is 133078837 a prime number?
True
Is 1114659739 a prime number?
True
Is 25366199 a composite number?
False
Is 25663716913 composite?
True
Is 678209603 composite?
False
Is 3300296471 prime?
True
Is 63424038253 prime?
True
Is 5037282743 a prime number?
True
Is 1773490559 composite?
False
Is 8784674839 composite?
True
Is 8416081909 composite?
True
Is 6090496751 composite?
False
Is 5639587913 composite?
True
Is 88261631173 composite?
False
Is 84630127003 a prime number?
True
Is 13497693487 a composite number?
False
Is 182998303151 prime?
True
Is 1422048139 composite?
True
Is 638868281 a composite number?
True
Is 104214407719 prime?
False
Is 1197958901 composite?
False
Is 92536979 prime?
True
Is 529985749 prime?
True
Is 239938841 composite?
False
Is 2499180611 a composite number?
False
Is 13438889621 composite?
True
Is 230368779271 a prime number?
False
Is 6392920403 composite?
True
Is 5420429951 composite?
False
Is 1155513413 a prime number?
True
Is 165947548733 prime?
True
Is 1921408703 a prime number?
True
Is 704916449 a prime number?
True
Is 929572103 a prime number?
True
Is 1048972459 a prime number?
False
Is 10822683643 a composite number?
True
Is 4775946547 a prime number?
False
Is 11726125907 a composite number?
False
Is 35563830409 a composite number?
True
Is 2017889989 a composite number?
True
Is 1905799523 a prime number?
False
Is 21766831 prime?
True
Is 1095459377 a composite number?
True
Is 333014681 a prime number?
False
Is 4872144187 prime?
False
Is 18270208497 prime?
False
Is 3004535099 a composite number?
True
Is 81338400893 composite?
False
Is 12080776319 a prime number?
True
Is 10148851771 prime?
False
Is 6359389199 prime?
True
Is 10801285445 composite?
True
Is 1475324257 a composite number?
True
Is 6426198089 a prime number?
True
Is 12225154709 a composite number?
True
Is 174528487657 a composite number?
False
Is 6793314503 prime?
False
Is 110093542387 a prime number?
True
Is 59067373 a prime number?
False
Is 2873145071 composite?
False
Is 18982312961 composite?
False
Is 7043567131 prime?
True
Is 1431484513 a prime number?
True
Is 105704569 a prime number?
True
Is 60128992733 a prime number?
False
Is 1998776671 prime?
True
Is 299302547 a composite number?
False
Is 141703087 composite?
False
Is 341275963 a prime number?
False
Is 31949371 a composite number?
False
Is 20405415031 composite?
False
Is 7082536451 a composite number?
False
Is 90636617735 a prime number?
False
Is 319683017 a prime number?
False
Is 7481724023 composite?
True
Is 526097510053 a prime number?
True
Is 292712861 composite?
True
Is 1206562223 a composite number?
True
Is 649386497 composite?
False
Is 2263543231 a composite number?
False
Is 134853805883 prime?
True
Is 22088240549 composite?
True
Is 38861847209 a prime number?
True
Is 4856560999 a prime number?
True
Is 76063285933 prime?
False
Is 162290209 prime?
False
Is 9131662643 composite?
False
Is 27203627 composite?
True
Is 89999734453 composite?
True
Is 186625135283 prime?
True
Is 3321546317 composite?
False
Is 3974709457 prime?
False
Is 2595914833 composite?
True
Is 98163620407 a composite number?
True
Is 108256927897 a prime number?
False
Is 462813961 a prime number?
False
Is 509041237 a composite number?
False
Is 2860197563 composite?
False
Is 1655666183 composite?
False
Is 50432028991 a composite number?
True
Is 11545614001 a prime number?
True
Is 3533500759 a composite number?
True
Is 246435041 a prime number?
False
Is 7001672693 composite?
False
Is 19591626497 a prime number?
False
Is 296030099 composite?
False
Is 10837060883 prime?
False
Is 665946663 a composite number?
True
Is 2653298831 prime?
True
Is 397078478 a prime number?
False
Is 6418056314 prime?
False
Is 12534781117 prime?
False
Is 1979827079 a composite number?
False
Is 322378397 a prime number?
False
Is 35483519927 composite?
True
Is 42444929829 a composite number?
True
Is 14789767931 a composite number?
False
Is 139264769627 a prime number?
True
Is 693573691 a composite number?
True
Is 15271288309 prime?
False
Is 20415713 a composite number?
False
Is 7458298963 a prime number?
True
Is 1055262917 a prime number?
True
Is 18789812761 composite?
False
Is 448200817 a prime number?
True
Is 264821381 a composite number?
True
Is 769865493 prime?
False
Is 101774276327 composite?
True
Is 27087514739 a prime number?
False
Is 1778673389 a prime number?
True
Is 2262233261 a composite number?
True
Is 5044993687 a composite number?
False
Is 26739211183 prime?
False
Is 117985695961 a prime number?
False
Is 21809358799 a prime number?
False
Is 4849251889 a composite number?
False
Is 181946627843 composite?
False
Is 73691013271 prime?
False
Is 15492108179 a prime number?
True
Is 38713431643 a composite number?
True
Is 9619814849 a composite number?
False
Is 1930664819 a composite number?
True
Is 785029943 prime?
False
Is 80907956002 composite?
True
Is 138517985791 composite?
True
Is 7603789387 a composite number?
False
Is 1709389177 a composite number?
False
Is 49059942817 composite?
False
Is 1701497147 prime?
False
Is 11821231199 a prime number?
True
Is 642600899 a prime number?
True
Is 76628640467 a prime number?
True
Is 72155969 a prime number?
True
Is 7414399813 composite?
False
Is 580984319 composite?
False
Is 1406474983 a prime number?
True
Is 376973580617 composite?
True
Is 513542047 composite?
True
Is 2500130137 a composite number?
True
Is 331205107 prime?
True
Is 1844434219 a composite number?
False
Is 20573165551 prime?
True
Is 13394933977 a composite number?
False
Is 8469015167 a composite number?
True
Is 27368021 a composite number?
True
Is 2247364991 a composite number?
False
Is 1445033851 a prime number?
True
Is 3672034483 a prime number?
False
Is 24076361473 prime?
True
Is 1133014046 a prime number?
False
Is 13927529939 a composite numb